{"id":702,"date":"2022-03-30T17:21:28","date_gmt":"2022-03-30T15:21:28","guid":{"rendered":"https:\/\/kcb-braugold.de\/startseite\/?page_id=702"},"modified":"2023-06-08T08:45:09","modified_gmt":"2023-06-08T06:45:09","slug":"datenschutzerklaerung","status":"publish","type":"page","link":"https:\/\/kcb-braugold.de\/startseite\/datenschutzerklaerung\/","title":{"rendered":"Datenschutzerkl\u00e4rung"},"content":{"rendered":"\r\n<p>Die Adresse unserer Website ist: <a href=\"http:\/\/www.kcb-braugugld.de\">www.kcb-braugold.de<\/a><\/p>\r\n<p><br \/><strong>Einleitung<\/strong><br \/>Mit der folgenden Datenschutzerkl\u00e4rung m\u00f6chten wir Sie dar\u00fcber aufkl\u00e4ren, welche Arten Ihrer personenbezogenen Daten (nachfolgend auch kurz als \u201eDaten\u201c bezeichnet) wir zu welchen Zwecken und in welchem Umfang verarbeiten. Die Datenschutzerkl\u00e4rung gilt f\u00fcr alle von uns durchgef\u00fchrten Verarbeitungen personenbezogener Daten, sowohl im Rahmen der Erbringung unserer Leistungen als auch insbesondere auf unseren Webseiten, in mobilen Applikationen sowie innerhalb externer Onlinepr\u00e4senzen, wie z.B. unserer Social-Media-Profile (nachfolgend zusammenfassend bezeichnet als \u201eOnlineangebot\u201c).<br \/>Die verwendeten Begriffe sind nicht geschlechtsspezifisch.<\/p>\r\n<p>&nbsp;<\/p>\r\n<p><strong>1. Allgemeines zur Datenverarbeitung<\/strong><\/p>\r\n<p><strong>1.1. Umfang der Erhebung personenbezogener Daten<\/strong><br \/>Wir erheben und verwenden personenbezogene Daten unserer Nutzer, Kunden und Gesch\u00e4ftspartner grunds\u00e4tzlich nur, soweit dies f\u00fcr die Bereitstellung und Gew\u00e4hrleistung der Funktionsf\u00e4higkeit unserer Angebote, Inhalte und Leistungen sowie Services erforderlich ist. Die Erhebung und Nutzung der Daten erfolgt nur beim Vorliegen einer gesetzlichen Erlaubnis oder Vorliegen einer Einwilligung des Betroffenen.<br \/><strong>1.2. Rechtsgrundlage f\u00fcr die Verarbeitung personenbezogener Daten<\/strong><br \/>Soweit wir f\u00fcr Verarbeitungsvorg\u00e4nge personenbezogener Daten Ihre Einwilligung als betroffene Person einholen, bildet Art. 6 Abs. 1 Buchst. a der EU-Datenschutz-Grundverordnung (DSGVO) die Rechtsgrundlage f\u00fcr die Verarbeitung personenbezogener Daten.<br \/>Bei der Verarbeitung von personenbezogenen Daten, die zur Erf\u00fcllung eines Vertrages, dessen Vertragspartei Sie als betroffene Person sind, erforderlich ist, bildet Art. 6 Abs. 1 Buchst. b DSGVO die Rechtsgrundlage. Dies gilt auch f\u00fcr Verarbeitungsvorg\u00e4nge, die zur Durchf\u00fchrung vorvertraglicher Ma\u00dfnahmen erforderlich sind.<br \/>Soweit eine Verarbeitung personenbezogener Daten zur Erf\u00fcllung einer rechtlichen Verpflichtung erforderlich ist, der unser Unternehmen unterliegt, bildet Art. 6 Abs. 1 Buchst. c DSGVO die Rechtsgrundlage.<br \/>F\u00fcr den Fall, dass lebenswichtige Interessen von Ihnen als betroffene Person oder einer anderen nat\u00fcrlichen Person eine Verarbeitung personenbezogener Daten erforderlich machen, bildet Art. 6 Abs. 1 Buchst. d DSGVO die Rechtsgrundlage.<br \/>Ist die Verarbeitung zur Wahrung eines berechtigten Interesses unseres Unternehmens oder eines Dritten erforderlich und \u00fcberwiegen Ihre Interessen, Grundrechte und Grundfreiheiten als Betroffene\/r das erstgenannte Interesse nicht, so bildet Art. 6 Abs. 1 Buchst. f DSGVO die Rechtsgrundlage f\u00fcr die Verarbeitung.<br \/><strong>1.3. Datenl\u00f6schung und Speicherdauer<\/strong><br \/>Ihre personenbezogenen Daten als betroffene Person werden gel\u00f6scht oder gesperrt, sobald der Zweck der Speicherung entf\u00e4llt. Eine Speicherung kann dar\u00fcber hinaus dann erfolgen, wenn dies durch den europ\u00e4ischen oder nationalen Gesetzgeber in unionsrechtlichen Verordnungen, Gesetzen oder sonstigen Vorschriften, denen unser Unternehmen unterliegt, vorgesehen wurde. Eine Sperrung oder L\u00f6schung der Daten erfolgt auch dann, wenn eine durch die genannten Normen vorgeschriebene Speicherfrist abl\u00e4uft, es sei denn, dass eine Erforderlichkeit zur weiteren Speicherung der Daten f\u00fcr einen Vertragsabschluss oder eine Vertragserf\u00fcllung besteht.<\/p>\r\n<p><strong>2. Verantwortlicher \/ Datenschutzbeauftragter<\/strong><\/p>\r\n<p>Verantwortlicher im Sinne der DSGVO und des Bundesdatenschutzgesetzes (BDSG) ist:<br \/>Karneval-Club Braugold e.V. (nachfolgend \u201eKCB\u201c bzw. \u201ewir\u201c \/ \u201euns\u201c)<br \/>Jakob-Kaiser-Ring 32, 99087 Erfurt<\/p>\r\n<p>E-Mail:\u00a0 \u00a0 \u00a0 \u00a0 \u00a0 \u00a0<a href=\"mailto:a.kramer@kcb-braugold.de\">a.kramer@kcb-braugold.de<\/a> <br \/>Telefon:\u00a0 \u00a0 \u00a0 \u00a0 0176 \/ 23 530 110<br \/>Webseite:\u00a0 \u00a0<a href=\"http:\/\/www.kcb-braugold.de\">www.kcb-braugold.de<\/a><\/p>\r\n<p>Die Datenschutzbeauftragte des KCB ist unter der o.g. Anschrift beziehungsweise unter der oben aufgef\u00fchrten E-Mail und\/oder Telefon erreichbar.<\/p>\r\n<p><strong>3. Erhebung und Speicherung personenbezogener Daten sowie Art und Zweck von deren Verwendung<\/strong><br \/><strong>3.1. Bei Besuch der Webseite<\/strong><br \/>Beim Aufrufen unserer Webseite www.kcb-braugold.de werden durch den auf Ihrem Endger\u00e4t zum Einsatz kommenden Browser automatisch Informationen an den Server unserer Webseite gesendet. Diese Informationen werden tempor\u00e4r in einem sog. Logfile gespeichert. Folgende Informationen werden dabei ohne Ihr Zutun erfasst und bis zur automatisierten L\u00f6schung (nach sp\u00e4testens 7 Tagen) gespeichert:<br \/>\u2022 IP-Adresse des anfragenden Rechners,<br \/>\u2022 Datum und Uhrzeit des Zugriffs,<br \/>\u2022 Name und URL der abgerufenen Datei,<br \/>\u2022 Webseite, von der aus der Zugriff erfolgt (d. h. die von Ihnen zuvor besuchte Webseite, \u00fcber die Sie zu unserer Webseite gelangt sind, sog. Referrer-URL),<br \/>\u2022 verwendeter Browser und ggf. das Betriebssystem Ihres Rechners sowie der Name Ihres Access-Providers.<br \/>Die genannten Daten werden durch uns zu folgenden Zwecken verarbeitet:<br \/>\u2022 Gew\u00e4hrleistung eines reibungslosen Verbindungsaufbaus der Webseite,<br \/>\u2022 Gew\u00e4hrleistung einer komfortablen Nutzung unserer Webseite,<br \/>\u2022 Auswertung der Systemsicherheit und -stabilit\u00e4t sowie<br \/>\u2022 zu weiteren administrativen Zwecken.<br \/>Die Rechtsgrundlage f\u00fcr die Datenverarbeitung ist Art. 6 Abs. 1 Satz 1 Buchst. f DSGVO. Unser berechtigtes Interesse folgt aus den oben aufgelisteten Zwecken zur Datenerhebung. In keinem Fall verwenden wir die erhobenen Daten zu dem Zweck, R\u00fcckschl\u00fcsse auf Ihre Person zu ziehen.<br \/>Dar\u00fcber hinaus setzen wir beim Besuch unserer Webseite Cookies sowie Analysedienste ein. N\u00e4here Erl\u00e4uterungen dazu finden Sie unter den Ziffern 5 und 6 dieser Datenschutzerkl\u00e4rung.<br \/><strong>3.2. Bei Kontaktaufnahme<\/strong><br \/>Wenn Sie mit uns \u00fcber ein auf der Webseite bereitgestelltes Kontaktformular, per E-Mail, Telefon, Fax, ggf. andere Dienste oder pers\u00f6nlich Kontakt aufnehmen, erheben wir die \u00fcbermittelten Daten nach Art. 6 Abs. 1 Satz 1 Buchst. a DSGVO auf der Grundlage Ihrer freiwillig erteilten Einwilligung. Ihre Einwilligung k\u00f6nnen Sie jeder Zeit widerrufen (s. Betroffenenrechte). Die von Ihnen mit Ihren Angaben an uns \u00fcbermittelten personenbezogenen Daten werden zur Bearbeitung Ihres Anliegens und dessen Abwicklung auf der Grundlage von Art. 6 Abs. 1 Satz 1 Buchst. f DSGVO von uns verarbeitet. Ihre Angaben k\u00f6nnen in einem Customer-Relationship-Management System (CRM-System) oder in vergleichbarer Organisation gespeichert werden. Wir l\u00f6schen Ihre personenbezogenen Daten, sobald diese f\u00fcr den erhobenen Zweck nicht mehr erforderlich sind. Gesetzliche Aufbewahrungs- und Archivierungspflichten bleiben davon unber\u00fchrt.<br \/><strong>3.3. Bei Teilnahme an Veranstaltungen<\/strong><br \/>Sofern f\u00fcr eine Veranstaltung eine Anmeldung erforderlich ist, erheben wir je nach Art der Veranstaltung insbesondere Daten wie Anrede, Vorname, Nachname, Firma, E-Mail-Adresse, Anzahl der Teilnehmer. Die Nutzung dieser Daten ist auf den Zweck der Abwicklung der betreffenden Veranstaltung beschr\u00e4nkt. Insbesondere dienen die Daten zur<br \/>\u2022 Erzeugung einer Best\u00e4tigungsnachricht an die genannte Mailadresse,<br \/>\u2022 Versendung einer Information, falls die Veranstaltung ausf\u00e4llt oder verschoben wird,<br \/>\u2022 Versendung weiterer Informationen zur betreffenden Veranstaltung,<br \/>\u2022 Nutzung f\u00fcr organisatorische\/verwaltungstechnische Zwecke wie z. B. die Erstellung einer Teilnehmerliste<br \/>Rechtsgrundlage hierf\u00fcr ist Art. 6 Abs. 1 Satz 1 Buchst. b DSGVO. Die Daten werden vier Wochen nach Ablauf der Veranstaltung gel\u00f6scht.<\/p>\r\n<p><strong>4. Weitergabe von Daten<\/strong><br \/><strong>4.1.<\/strong> Die von uns erhobenen personenbezogenen Daten werden weder verkauft noch anderweitig an Dritte entgeltlich zur Nutzung \u00fcberlassen. Eine \u00dcbermittlung Ihrer pers\u00f6nlichen Daten an Dritte zu anderen als den im Folgenden aufgef\u00fchrten Zwecken findet nicht statt. Wir geben Ihre pers\u00f6nlichen Daten nur an Dritte weiter, wenn:<br \/>\u2022 Sie Ihre nach Art. 6 Abs. 1 Satz 1 Buchst. a DSGVO ausdr\u00fcckliche Einwilligung dazu erteilt haben,<br \/>\u2022 die Weitergabe nach Art. 6 Abs. 1 Satz 1 Buchst. f DSGVO f\u00fcr die Bereitstellung und zur Gew\u00e4hrleistung der Funktionsf\u00e4higkeit unserer Angebote, Inhalte und Leistungen sowie Services erforderlich ist und kein Grund zu der Annahme besteht, dass Sie ein \u00fcberwiegendes schutzw\u00fcrdiges Interesse an der Nichtweitergabe Ihrer Daten haben,<br \/>\u2022 f\u00fcr den Fall, dass f\u00fcr die Weitergabe nach Art. 6 Abs. 1 Satz 1 Buchst. c DSGVO eine rechtliche Verpflichtung besteht, oder<br \/>\u2022 dies gesetzlich zul\u00e4ssig und nach Art. 6 Abs. 1 Satz 1 Buchst. b DSGVO f\u00fcr die Abwicklung von Vertragsverh\u00e4ltnissen mit Ihnen erforderlich ist.<br \/><strong>4.2. Zusammenarbeit mit Auftragsverarbeitern und Dritten<\/strong><br \/>Sofern wir im Rahmen unserer Verarbeitung Daten gegen\u00fcber anderen Personen und Unternehmen (Auftragsverarbeitern oder Dritten) offenbaren, sie an diese \u00fcbermitteln oder ihnen sonst Zugriff auf die Daten gew\u00e4hren, erfolgt dies nur auf Grundlage einer gesetzlichen Erlaubnis (z. B. wenn eine \u00dcbermittlung der Daten an Dritte, wie an Zahlungsdienstleister zur Vertragserf\u00fcllung erforderlich ist), Sie eingewilligt haben, eine rechtliche Verpflichtung dies vorsieht oder wir dies auf unserer berechtigte Interesse st\u00fctzen k\u00f6nnen (wie z. B. bei dem Einsatz von Beauftragten, Webhostern etc.). Sofern wir Dritte mit der Verarbeitung von Daten auf Grundlage eines sog. \u201eAuftragsverarbeitungsvertrages\u201c beauftragen, geschieht dies auf Grundlage des Art. 28 DSGVO.<br \/><strong>4.3. \u00dcbermittlungen in Drittl\u00e4nder<\/strong><br \/>Sofern wir Daten in einem Drittland (d. h. au\u00dferhalb der Europ\u00e4ischen Union oder des Europ\u00e4ischen Wirtschaftsraums) verarbeiten oder dies im Rahmen der Inanspruchnahme von Diensten Dritter oder Offenlegung bzw. \u00dcbermittlung von Daten an Dritte geschieht, erfolgt dies nur, wenn es zur Erf\u00fcllung unserer vertraglichen Pflichten, auf Grundlage Ihrer Einwilligung, aufgrund einer rechtlichen Verpflichtung oder auf Grundlage unserer berechtigten Interessen geschieht. Vorbehaltlich gesetzlicher oder vertraglicher Erlaubnisse verarbeiten oder lassen wir die Daten in einem Drittland nur beim Vorliegen der besonderen Voraussetzungen der Art. 44 ff. DSGVO verarbeiten, d. h. die Verarbeitung erfolgt auf Grundlage besonderer Garantien wie der anerkannten Feststellung eines den EU-Standards entsprechenden Datenschutzniveaus (z. B. f\u00fcr die USA durch das \u201ePrivacy Shield\u201c).<\/p>\r\n<p><strong>5. Cookies<\/strong><br \/>Wir setzen auf unserer Seite Cookies ein. Hierbei handelt es sich um kleine Dateien, die Ihr Browser automatisch erstellt und die auf Ihrem Endger\u00e4t (Laptop, Tablet, Smartphone o.\u00e4.) gespeichert werden, wenn Sie unsere Seite besuchen. Cookies richten auf Ihrem Endger\u00e4t keinen Schaden an, enthalten keine Viren, Trojaner oder sonstige Schadsoftware. In dem Cookie werden Informationen abgelegt, die sich jeweils im Zusammenhang mit dem spezifisch eingesetzten Endger\u00e4t ergeben. Dies bedeutet jedoch nicht, dass wir dadurch unmittelbar Kenntnis von Ihrer Identit\u00e4t erhalten.<br \/>Der Einsatz von Cookies dient einerseits dazu, die Nutzung unseres Angebots f\u00fcr Sie angenehmer zu gestalten. So setzen wir sogenannte Session-Cookies ein, um zu erkennen, dass Sie einzelne Seiten unserer Webseite bereits besucht haben. Diese werden nach Verlassen unserer Seite automatisch gel\u00f6scht.<br \/>Dar\u00fcber hinaus setzen wir ebenfalls zur Optimierung der Benutzerfreundlichkeit tempor\u00e4re Cookies ein, die f\u00fcr einen bestimmten festgelegten Zeitraum auf Ihrem Endger\u00e4t gespeichert werden. Besuchen Sie unsere Seite erneut, um unsere Dienste in Anspruch zu nehmen, wird automatisch erkannt, dass Sie bereits bei uns waren und welche Eingaben und Einstellungen sie get\u00e4tigt haben, um diese nicht noch einmal eingeben zu m\u00fcssen.<br \/>Zum anderen setzen wir Cookies ein, um die Nutzung unserer Webseite statistisch zu erfassen und zum Zweck der Optimierung unseres Angebotes f\u00fcr Sie auszuwerten (siehe Ziff. 6). Diese Cookies erm\u00f6glichen es uns, bei einem erneuten Besuch unserer Seite automatisch zu erkennen, dass Sie bereits bei uns waren. Diese Cookies werden nach einer jeweils definierten Zeit automatisch gel\u00f6scht.<br \/>Die durch Cookies verarbeiteten Daten sind f\u00fcr die genannten Zwecke zur Wahrung unserer berechtigten Interessen sowie der Dritter nach Art. 6 Abs. 1 Satz 1 Buchst. f DSGVO erforderlich.<br \/>Die meisten Browser akzeptieren Cookies automatisch. Sie k\u00f6nnen Ihren Browser jedoch so konfigurieren, dass keine Cookies auf Ihrem Computer gespeichert werden oder stets ein Hinweis erscheint, bevor ein neuer Cookie angelegt wird. Die vollst\u00e4ndige Deaktivierung von Cookies kann jedoch dazu f\u00fchren, dass Sie nicht alle Funktionen unserer Webseite nutzen k\u00f6nnen.<br \/>Eine weitere komfortable M\u00f6glichkeit zur Deaktivierung und (Wieder-)Aktivierung von Cookies bieten die folgenden Pr\u00e4ferenzmanager:<br \/><a href=\"http:\/\/www.meine-cookies.org\/cookies_verwalten\/praeferenzmanager-beta.html\">http:\/\/www.meine-cookies.org\/cookies_verwalten\/praeferenzmanager-beta.html<\/a><br \/><a href=\"http:\/\/www.youronlinechoices.com\/de\/praferenzmanagement\/\">http:\/\/www.youronlinechoices.com\/de\/praferenzmanagement\/<\/a><\/p>\r\n<p><strong>6. Datenspeicherung im Rahmen von Vertragsbeziehungen und des Customer-Relationships<\/strong><br \/>Wir speichern Ihre personenbezogenen Daten, die Sie uns als Kunde oder Gesch\u00e4ftspartner zur Verf\u00fcgung gestellt haben, soweit sie zur Vertragserf\u00fcllung oder\/und zur Pflege unserer Kunden- oder Gesch\u00e4ftsbeziehungen mit Ihnen erforderlich sind. Rechtsgrundlage f\u00fcr die Verarbeitung zur Vertragserf\u00fcllung ist Art. 6 Abs. 1 Buchst. b DSGVO. Dar\u00fcber hinaus verwenden wir Ihre Daten ausschlie\u00dflich zum Zweck der Direktwerbung f\u00fcr eigene \u00e4hnliche Produkte oder Dienstleistungen. In der beschriebenen Verwendung begr\u00fcndet sich unser berechtigtes Interesse nach Art. 6 Abs. 1 S. 1 Buchst. f DSGVO. Gegen die Verwendung Ihrer Daten zum Zweck der Direktwerbung steht Ihnen ein bedingungsloses Widerspruchsrecht zu.<\/p>\r\n<p><strong>7. Verwendung von Scriptbibliotheken (Google Webfonts)<\/strong><br \/>Um unsere Inhalte browser\u00fcbergreifend korrekt und grafisch ansprechend darzustellen, verwenden wir auf dieser Website Scriptbibliotheken und Schriftbibliotheken wie z. B. Google Webfonts (https:\/\/www.google.com\/webfonts\/). Google Webfonts werden zur Vermeidung mehrfachen Ladens in den Cache Ihres Browsers \u00fcbertragen. Falls der Browser die Google Webfonts nicht unterst\u00fctzt oder den Zugriff unterbindet, werden Inhalte in einer Standardschrift angezeigt. Der Aufruf von Scriptbibliotheken oder Schriftbibliotheken l\u00f6st automatisch eine Verbindung zum Betreiber der Bibliothek aus. Dabei ist es theoretisch m\u00f6glich \u2013 aktuell allerdings auch unklar ob und ggf. zu welchen Zwecken \u2013 dass Betreiber entsprechender Bibliotheken Daten erheben. Die Datenschutzrichtlinie des Bibliothekbetreibers Google finden Sie hier: www.google.com\/policies\/privacy\/<\/p>\r\n<p><strong>8. Google Analytics<\/strong><br \/>Diese Website benutzt Google Analytics, einen Webanalysedienst der Google Inc. (\u201eGoogle\u201c). Die Benutzung erfolgt auf der Grundlage des Art. 6 Abs. 1 S. 1 lit. f. DSGVO. Google Analytics verwendet sog. \u201eCookies\u201c, Textdateien, die auf Ihrem Computer gespeichert werden und die eine Analyse der Benutzung der Webseite durch Sie erm\u00f6glichen. Die durch den Cookie erzeugten Informationen \u00fcber Ihre Benutzung der Webseite wie<br \/>\u2022 Browser-Typ\/-Version,<br \/>\u2022 verwendetes Betriebssystem,<br \/>\u2022 Referrer-URL (die zuvor besuchte Seite),<br \/>\u2022 Hostname des zugreifenden Rechners (IP-Adresse),<br \/>\u2022 Uhrzeit der Serveranfrage,<br \/>werden in der Regel an einen Server von Google in den USA \u00fcbertragen und dort gespeichert. Die im Rahmen von Google Analytics von Ihrem Browser \u00fcbermittelte IP-Adresse wird nicht mit anderen Daten von Google zusammengef\u00fchrt. Wir haben zudem auf dieser Webseite Google Analytics um den Code \u201eanonymizeIP\u201c erweitert. Dies garantiert die Maskierung Ihrer IP-Adresse, sodass alle Daten anonym erhoben werden. Nur in Ausnahmef\u00e4llen wird die volle IP-Adresse an einen Server von Google in den USA \u00fcbertragen und dort gek\u00fcrzt. Im Auftrag des Betreibers dieser Website wird Google diese Information benutzen, um Ihre Nutzung der Webseite auszuwerten, um Reports \u00fcber die Webseiten-Aktivit\u00e4ten zusammenzustellen und um weitere mit der Webseiten-Nutzung und der Internetnutzung verbundene Dienstleistungen gegen\u00fcber dem Webseitenbetreiber zu erbringen. Sie k\u00f6nnen die Speicherung der Cookies durch eine entsprechende Einstellung Ihrer Browser-Software verhindern; wir weisen Sie jedoch darauf hin, dass Sie in diesem Fall m\u00f6glicherweise nicht s\u00e4mtliche Funktionen dieser Webseite vollumf\u00e4nglich werden nutzen k\u00f6nnen. Sie k\u00f6nnen dar\u00fcber hinaus die Erfassung der durch das Cookie erzeugten und auf Ihre Nutzung der Webseite bezogenen Daten (inkl. Ihrer IP-Adresse) an Google sowie die Verarbeitung dieser Daten durch Google verhindern, indem sie das unter dem folgenden Link verf\u00fcgbare Browser-Plugin herunterladen und installieren: tools.google.com\/dlpage\/gaoptout. Alternativ zum Browser-Add-On, insbesondere bei Browsern auf mobilen Endger\u00e4ten, k\u00f6nnen Sie die Erfassung durch Google Analytics zudem verhindern, indem Sie auf diesen Link {kickgdpr_ga_optout}Google Analytics deaktivieren{\/kickgdpr_ga_optout} klicken. Es wird ein Opt-Out-Cookie gesetzt, das die zuk\u00fcnftige Erfassung Ihrer Daten beim Besuch dieser Website verhindert. Der Opt-Out-Cookie gilt nur in diesem Browser und nur f\u00fcr unsere Website und wird auf Ihrem Ger\u00e4t abgelegt. L\u00f6schen Sie die Cookies in diesem Browser, m\u00fcssen Sie das Opt-Out-Cookie erneut setzen.<\/p>\r\n<p><strong>9. Betroffenenrechte<\/strong><br \/>Sie haben das Recht:<br \/>\u2022 gem\u00e4\u00df Art. 7 Abs. 3 DSGVO Ihre einmal erteilte Einwilligung jeder Zeit gegen\u00fcber uns zu widerrufen. Dies hat zur Folge, dass wir die Datenverarbeitung, die auf dieser Einwilligung beruhte, f\u00fcr die Zukunft nicht mehr fortf\u00fchren d\u00fcrfen. Die Rechtm\u00e4\u00dfigkeit der Datenverarbeitung, die bis zum Zeitpunkt Ihres Widerrufs aufgrund Ihrer Einwilligung erfolgt ist, bleibt durch den Widerruf unber\u00fchrt;<br \/>\u2022 gem\u00e4\u00df Art. 15 DSGVO Auskunft \u00fcber Ihre von uns verarbeiteten personenbezogenen Daten zu verlangen. Insbesondere k\u00f6nnen Sie Auskunft \u00fcber die Verarbeitungszwecke, die Kategorie der personenbezogenen Daten, die Kategorien von Empf\u00e4ngern, gegen\u00fcber denen Ihre Daten offengelegt wurden oder werden, die geplante Speicherdauer, das Bestehen eines Rechts auf Berichtigung, L\u00f6schung, Einschr\u00e4nkung der Verarbeitung oder Widerspruch, das Bestehen eines Beschwerderechts, die Herkunft ihrer Daten, sofern diese nicht bei uns erhoben wurden, sowie \u00fcber das Bestehen einer automatisierten Entscheidungsfindung einschlie\u00dflich Profiling und ggf. aussagekr\u00e4ftigen Informationen zu deren Einzelheiten verlangen;<br \/>\u2022 gem\u00e4\u00df Art. 16 DSGVO unverz\u00fcglich die Berichtigung unrichtiger oder Vervollst\u00e4ndigung Ihrer bei uns gespeicherten personenbezogenen Daten zu verlangen;<br \/>\u2022 gem\u00e4\u00df Art. 17 DSGVO die L\u00f6schung Ihrer bei uns gespeicherten personenbezogenen Daten zu verlangen, soweit nicht die Verarbeitung zur Aus\u00fcbung des Rechts auf freie Meinungs\u00e4u\u00dferung und Information, zur Erf\u00fcllung einer rechtlichen Verpflichtung, aus Gr\u00fcnden des \u00f6ffentlichen Interesses oder zur Geltendmachung, Aus\u00fcbung oder Verteidigung von Rechtsanspr\u00fcchen erforderlich ist;<br \/>\u2022 gem\u00e4\u00df Art. 18 DSGVO die Einschr\u00e4nkung der Verarbeitung Ihrer personenbezogenen Daten zu verlangen, soweit die Richtigkeit der Daten von Ihnen bestritten wird, die Verarbeitung unrechtm\u00e4\u00dfig ist, Sie aber deren L\u00f6schung ablehnen und wir die Daten nicht mehr ben\u00f6tigen, Sie jedoch diese zur Geltendmachung, Aus\u00fcbung oder Verteidigung von Rechtsanspr\u00fcchen ben\u00f6tigen oder Sie gem\u00e4\u00df Art. 21 DSGVO Widerspruch gegen die Verarbeitung eingelegt haben;<br \/>\u2022 gem\u00e4\u00df Art. 20 DSGVO Ihre personenbezogenen Daten, die Sie uns bereitgestellt haben, in einem strukturierten, g\u00e4ngigen und maschinenlesbaren Format zu erhalten oder die \u00dcbermittlung an einen anderen Verantwortlichen zu verlangen, und<br \/>\u2022 gem\u00e4\u00df Art. 77 DSGVO sich bei einer Aufsichtsbeh\u00f6rde zu beschweren. In der Regel k\u00f6nnen Sie sich hierf\u00fcr an die Aufsichtsbeh\u00f6rde Ihres \u00fcblichen Aufenthaltsortes oder Arbeitsplatzes oder unseres Unternehmenssitzes wenden.<\/p>\r\n<p><strong>10. Widerspruchsrecht<\/strong><br \/>Sofern Ihre personenbezogenen Daten auf Grundlage von berechtigten Interessen gem\u00e4\u00df Art. 6 Abs. 1 S. 1 Buchst. f DSGVO verarbeitet werden, haben Sie das Recht, gem\u00e4\u00df Art. 21 DSGVO Widerspruch gegen die Verarbeitung Ihrer personenbezogenen Daten einzulegen, soweit daf\u00fcr Gr\u00fcnde vorliegen, die sich aus Ihrer besonderen Situation ergeben oder sich der Widerspruch gegen Direktwerbung richtet. Im letzteren Fall haben Sie ein generelles Widerspruchsrecht, das ohne Angabe einer besonderen Situation von uns umgesetzt wird.<br \/>M\u00f6chten Sie von Ihrem Widerrufs- oder Widerspruchsrecht Gebrauch machen, gen\u00fcgt eine E-Mail an <a href=\"http:\/\/a.kramer@kcb-braugold.de.\">a.kramer@kcb-braugold.de.<\/a> <\/p>\r\n<p><strong>11. Datensicherheit<\/strong><br \/>Wir verwenden sowohl innerhalb des Webseiten-Besuchs als auch des Besuchs der mobilen App das verbreitete SSL-Verfahren (Secure Socket Layer) in Verbindung mit der jeweils h\u00f6chsten Verschl\u00fcsselungsstufe, die von Ihrem Browser unterst\u00fctzt wird. Ob eine einzelne Seite unseres Internetauftrittes verschl\u00fcsselt \u00fcbertragen wird, erkennen Sie an der geschlossenen Darstellung des Sch\u00fcssel- beziehungsweise Schloss-Symbols in der unteren Statusleiste Ihres Browsers. Wir bedienen uns im \u00dcbrigen geeigneter technischer und organisatorischer Sicherheitsma\u00dfnahmen, um Ihre Daten gegen zuf\u00e4llige oder vors\u00e4tzliche Manipulationen, teilweisen oder vollst\u00e4ndigen Verlust, Zerst\u00f6rung oder gegen den unbefugten Zugriff Dritter zu sch\u00fctzen. Unsere Sicherheitsma\u00dfnahmen werden entsprechend der technologischen Entwicklung fortlaufend verbessert.<\/p>\r\n<p><strong>12. Aktualit\u00e4t und \u00c4nderung dieser Datenschutzerkl\u00e4rung<\/strong><br \/>Diese Datenschutzerkl\u00e4rung ist aktuell g\u00fcltig und hat den Stand Januar 2020.<\/p>\r\n<p>Durch die Weiterentwicklung unserer Angebote, Inhalte und Leistungen oder aufgrund ge\u00e4nderter gesetzlicher beziehungsweise beh\u00f6rdlicher Vorgaben kann es notwendig werden, diese Datenschutzerkl\u00e4rung zu \u00e4ndern. Die jeweils aktuelle Datenschutzerkl\u00e4rung kann jederzeit auf der Webseite unter <a href=\"http:\/\/www.kcb-braugold.de\">www.kcb-braugold.de<\/a> von Ihnen abgerufen und ausgedruckt werden.<\/p>\r\n<figure class=\"wp-block-image\"><\/figure>\r\n","protected":false},"excerpt":{"rendered":"<p>Die Adresse unserer Website ist: www.kcb-braugold.de EinleitungMit der folgenden Datenschutzerkl\u00e4rung m\u00f6chten wir Sie dar\u00fcber aufkl\u00e4ren, welche Arten Ihrer personenbezogenen Daten (nachfolgend auch kurz als \u201eDaten\u201c bezeichnet) wir zu welchen Zwecken und in welchem Umfang verarbeiten. Die Datenschutzerkl\u00e4rung gilt f\u00fcr alle von uns durchgef\u00fchrten Verarbeitungen personenbezogener Daten, sowohl im Rahmen der Erbringung unserer Leistungen als auch &hellip; <\/p>\n<p class=\"link-more\"><a href=\"https:\/\/kcb-braugold.de\/startseite\/datenschutzerklaerung\/\" class=\"more-link\"><span class=\"screen-reader-text\">\u201eDatenschutzerkl\u00e4rung\u201c <\/span>weiterlesen<\/a><\/p>\n","protected":false},"author":7,"featured_media":0,"parent":0,"menu_order":0,"comment_status":"closed","ping_status":"closed","template":"","meta":{"pgc_sgb_lightbox_settings":"","footnotes":""},"class_list":["post-702","page","type-page","status-publish","hentry"],"_links":{"self":[{"href":"https:\/\/kcb-braugold.de\/startseite\/wp-json\/wp\/v2\/pages\/702","targetHints":{"allow":["GET"]}}],"collection":[{"href":"https:\/\/kcb-braugold.de\/startseite\/wp-json\/wp\/v2\/pages"}],"about":[{"href":"https:\/\/kcb-braugold.de\/startseite\/wp-json\/wp\/v2\/types\/page"}],"author":[{"embeddable":true,"href":"https:\/\/kcb-braugold.de\/startseite\/wp-json\/wp\/v2\/users\/7"}],"replies":[{"embeddable":true,"href":"https:\/\/kcb-braugold.de\/startseite\/wp-json\/wp\/v2\/comments?post=702"}],"version-history":[{"count":14,"href":"https:\/\/kcb-braugold.de\/startseite\/wp-json\/wp\/v2\/pages\/702\/revisions"}],"predecessor-version":[{"id":812,"href":"https:\/\/kcb-braugold.de\/startseite\/wp-json\/wp\/v2\/pages\/702\/revisions\/812"}],"wp:attachment":[{"href":"https:\/\/kcb-braugold.de\/startseite\/wp-json\/wp\/v2\/media?parent=702"}],"curies":[{"name":"wp","href":"https:\/\/api.w.org\/{rel}","templated":true}]}}