{"id":1906,"date":"2025-11-22T14:03:07","date_gmt":"2025-11-22T13:03:07","guid":{"rendered":"https:\/\/kcb-braugold.de\/startseite\/?page_id=1906"},"modified":"2025-11-22T14:03:07","modified_gmt":"2025-11-22T13:03:07","slug":"deutscher-meister-titel-fuer-lena-lenny-und-lilly-glueckstein","status":"publish","type":"page","link":"https:\/\/kcb-braugold.de\/startseite\/deutscher-meister-titel-fuer-lena-lenny-und-lilly-glueckstein\/","title":{"rendered":"Deutscher Meister-Titel f\u00fcr Lena, Lenny und Lilly Gl\u00fcckstein!"},"content":{"rendered":"<p><strong>Drei Jahre B\u00fchnenerfahrung, harter Flei\u00df und eine riesige Portion Herzblut \u2013 das Erfolgsrezept von Lena, Lenny und Lilly Gl\u00fcckstein, die sich in diesem Jahr den Titel des Deutschen Meisters im Wettbewerb \u201eJugend in der B\u00fctt\u201c sicherten!<\/strong><\/p>\n<p><img loading=\"lazy\" decoding=\"async\" class=\"aligncenter size-full wp-image-1907\" src=\"https:\/\/kcb-braugold.de\/startseite\/wp-content\/uploads\/2025\/11\/001_Buett_01.jpg\" alt=\"\" width=\"823\" height=\"279\" srcset=\"https:\/\/kcb-braugold.de\/startseite\/wp-content\/uploads\/2025\/11\/001_Buett_01.jpg 823w, https:\/\/kcb-braugold.de\/startseite\/wp-content\/uploads\/2025\/11\/001_Buett_01-300x102.jpg 300w, https:\/\/kcb-braugold.de\/startseite\/wp-content\/uploads\/2025\/11\/001_Buett_01-768x260.jpg 768w\" sizes=\"auto, (max-width: 767px) 89vw, (max-width: 1000px) 54vw, (max-width: 1071px) 543px, 580px\" \/><\/p>\n<p>Neben ihren schulischen und privaten Hobbys investieren Lena, Lenny und Lilly viel Zeit in ihr karnevalistisches Engagement: Sie \u00fcben flei\u00dfig, lernen Texte auswendig und perfektionieren ihre Mimik mit gro\u00dfem Spa\u00df. Dass karnevalistisches Talent nicht nur im Tanzbereich, sondern auch im gesprochenen Wort auf h\u00f6chstem Niveau gemessen wird, beweist die allj\u00e4hrliche Teilnahme an den Meisterschaften f\u00fcr B\u00fcttenreden. Der Weg zum diesj\u00e4hrigen Erfolg f\u00fchrte \u00fcber Berlin: Beim Vorentscheid der Region Ost im Mai sicherten sie sich souver\u00e4n den 1. Platz und damit die Qualifikation f\u00fcr das gro\u00dfe Finale in Hof.<br \/>\n<img loading=\"lazy\" decoding=\"async\" class=\"size-full wp-image-1908 alignleft\" src=\"https:\/\/kcb-braugold.de\/startseite\/wp-content\/uploads\/2025\/11\/001_Buett_02.jpg\" alt=\"\" width=\"370\" height=\"195\" srcset=\"https:\/\/kcb-braugold.de\/startseite\/wp-content\/uploads\/2025\/11\/001_Buett_02.jpg 370w, https:\/\/kcb-braugold.de\/startseite\/wp-content\/uploads\/2025\/11\/001_Buett_02-300x158.jpg 300w\" sizes=\"auto, (max-width: 370px) 100vw, 370px\" \/>Am 26. Oktober 2025 war es nun endlich soweit! Die Aufregung war gro\u00df: 12 B\u00fcttenreden aller Altersklassen wurden zum Besten gegeben; die Konkurrenz stark! Doch ihr unerm\u00fcdliche Flei\u00df, die vielen Proben und die sichtbare Freude zahlten sich aus: <strong>Lena, Lenny und Lilly erreichten den 1. Platz und sind somit Deutscher Meister in der Kategorie \u201eJugend in der B\u00fctt\u201c!<\/strong><\/p>\n<p><img loading=\"lazy\" decoding=\"async\" class=\"aligncenter size-full wp-image-1909\" src=\"https:\/\/kcb-braugold.de\/startseite\/wp-content\/uploads\/2025\/11\/001_Buett_03.jpg\" alt=\"\" width=\"815\" height=\"221\" srcset=\"https:\/\/kcb-braugold.de\/startseite\/wp-content\/uploads\/2025\/11\/001_Buett_03.jpg 815w, https:\/\/kcb-braugold.de\/startseite\/wp-content\/uploads\/2025\/11\/001_Buett_03-300x81.jpg 300w, https:\/\/kcb-braugold.de\/startseite\/wp-content\/uploads\/2025\/11\/001_Buett_03-768x208.jpg 768w\" sizes=\"auto, (max-width: 767px) 89vw, (max-width: 1000px) 54vw, (max-width: 1071px) 543px, 580px\" \/><\/p>\n<p>Unser Stolz auf euch Drei ist riesig! Wir hoffen, dass ihr das Publikum noch viele Jahre mit eurer herzlichen Art begeistert. Ein ganz besonderer Dank gilt aber auch eurer Trainerin, Petra, die euch stets mit vollem Herzblut zur Seite steht und diesen Erfolg erst m\u00f6glich gemacht hat.<\/p>\n<p>&nbsp;<\/p>\n","protected":false},"excerpt":{"rendered":"<p>Drei Jahre B\u00fchnenerfahrung, harter Flei\u00df und eine riesige Portion Herzblut \u2013 das Erfolgsrezept von Lena, Lenny und Lilly Gl\u00fcckstein, die sich in diesem Jahr den Titel des Deutschen Meisters im Wettbewerb \u201eJugend in der B\u00fctt\u201c sicherten! Neben ihren schulischen und privaten Hobbys investieren Lena, Lenny und Lilly viel Zeit in ihr karnevalistisches Engagement: Sie \u00fcben &hellip; <\/p>\n<p class=\"link-more\"><a href=\"https:\/\/kcb-braugold.de\/startseite\/deutscher-meister-titel-fuer-lena-lenny-und-lilly-glueckstein\/\" class=\"more-link\"><span class=\"screen-reader-text\">\u201eDeutscher Meister-Titel f\u00fcr Lena, Lenny und Lilly Gl\u00fcckstein!\u201c <\/span>weiterlesen<\/a><\/p>\n","protected":false},"author":7,"featured_media":0,"parent":0,"menu_order":0,"comment_status":"closed","ping_status":"closed","template":"","meta":{"pgc_sgb_lightbox_settings":"","footnotes":""},"class_list":["post-1906","page","type-page","status-publish","hentry"],"_links":{"self":[{"href":"https:\/\/kcb-braugold.de\/startseite\/wp-json\/wp\/v2\/pages\/1906","targetHints":{"allow":["GET"]}}],"collection":[{"href":"https:\/\/kcb-braugold.de\/startseite\/wp-json\/wp\/v2\/pages"}],"about":[{"href":"https:\/\/kcb-braugold.de\/startseite\/wp-json\/wp\/v2\/types\/page"}],"author":[{"embeddable":true,"href":"https:\/\/kcb-braugold.de\/startseite\/wp-json\/wp\/v2\/users\/7"}],"replies":[{"embeddable":true,"href":"https:\/\/kcb-braugold.de\/startseite\/wp-json\/wp\/v2\/comments?post=1906"}],"version-history":[{"count":1,"href":"https:\/\/kcb-braugold.de\/startseite\/wp-json\/wp\/v2\/pages\/1906\/revisions"}],"predecessor-version":[{"id":1910,"href":"https:\/\/kcb-braugold.de\/startseite\/wp-json\/wp\/v2\/pages\/1906\/revisions\/1910"}],"wp:attachment":[{"href":"https:\/\/kcb-braugold.de\/startseite\/wp-json\/wp\/v2\/media?parent=1906"}],"curies":[{"name":"wp","href":"https:\/\/api.w.org\/{rel}","templated":true}]}}