{"id":1821,"date":"2025-01-22T11:09:59","date_gmt":"2025-01-22T10:09:59","guid":{"rendered":"https:\/\/kcb-braugold.de\/startseite\/?page_id=1821"},"modified":"2025-01-22T11:11:47","modified_gmt":"2025-01-22T10:11:47","slug":"50-jahre-kcb","status":"publish","type":"page","link":"https:\/\/kcb-braugold.de\/startseite\/50-jahre-kcb\/","title":{"rendered":"50 Jahre KCB"},"content":{"rendered":"<p><strong>Am 18. Januar 2025 feierten wir, der Karneval Club Braugold, ein ganz besonderes Jubil\u00e4um: 50 Jahre voller Spa\u00df, Tradition und Engagement! Dieses Ereignis haben wir im festlich geschm\u00fcckten Gewerkschaftshaus in Erfurt geb\u00fchrend gefeiert.<\/strong><\/p>\n<p><img loading=\"lazy\" decoding=\"async\" class=\"aligncenter size-full wp-image-1822\" src=\"https:\/\/kcb-braugold.de\/startseite\/wp-content\/uploads\/2025\/01\/005.jpg\" alt=\"\" width=\"2251\" height=\"1054\" srcset=\"https:\/\/kcb-braugold.de\/startseite\/wp-content\/uploads\/2025\/01\/005.jpg 2251w, https:\/\/kcb-braugold.de\/startseite\/wp-content\/uploads\/2025\/01\/005-300x140.jpg 300w, https:\/\/kcb-braugold.de\/startseite\/wp-content\/uploads\/2025\/01\/005-1024x479.jpg 1024w, https:\/\/kcb-braugold.de\/startseite\/wp-content\/uploads\/2025\/01\/005-768x360.jpg 768w, https:\/\/kcb-braugold.de\/startseite\/wp-content\/uploads\/2025\/01\/005-1536x719.jpg 1536w, https:\/\/kcb-braugold.de\/startseite\/wp-content\/uploads\/2025\/01\/005-2048x959.jpg 2048w\" sizes=\"auto, (max-width: 767px) 89vw, (max-width: 1000px) 54vw, (max-width: 1071px) 543px, 580px\" \/><\/p>\n<p>Zur Er\u00f6ffnung richtete unser Pr\u00e4sident, Andr\u00e9 Kramer, ein herzliches Dankesch\u00f6n an alle Mitglieder und Sponsoren, die uns \u00fcber die Jahre hinweg unterst\u00fctzt und ma\u00dfgeblich zum Erfolg des Vereins beigetragen haben. \u201eOhne euch w\u00e4re dieser Erfolg nicht m\u00f6glich gewesen\u201c, betonte er und unterstrich die bedeutende Rolle der Gemeinschaft innerhalb unseres Vereins.<\/p>\n<p><img loading=\"lazy\" decoding=\"async\" class=\"aligncenter size-full wp-image-1826\" src=\"https:\/\/kcb-braugold.de\/startseite\/wp-content\/uploads\/2025\/01\/001.jpg\" alt=\"\" width=\"2251\" height=\"782\" srcset=\"https:\/\/kcb-braugold.de\/startseite\/wp-content\/uploads\/2025\/01\/001.jpg 2251w, https:\/\/kcb-braugold.de\/startseite\/wp-content\/uploads\/2025\/01\/001-300x104.jpg 300w, https:\/\/kcb-braugold.de\/startseite\/wp-content\/uploads\/2025\/01\/001-1024x356.jpg 1024w, https:\/\/kcb-braugold.de\/startseite\/wp-content\/uploads\/2025\/01\/001-768x267.jpg 768w, https:\/\/kcb-braugold.de\/startseite\/wp-content\/uploads\/2025\/01\/001-1536x534.jpg 1536w, https:\/\/kcb-braugold.de\/startseite\/wp-content\/uploads\/2025\/01\/001-2048x711.jpg 2048w\" sizes=\"auto, (max-width: 767px) 89vw, (max-width: 1000px) 54vw, (max-width: 1071px) 543px, 580px\" \/><\/p>\n<p>Das Festprogramm bot viele unvergessliche Momente. Besonders beeindruckend war die Premiere des Marschmedleys, das von allen drei Altersklassen unseres Vereins aufgef\u00fchrt wurde. Ein weiterer H\u00f6hepunkt des Abends war das 30-j\u00e4hrige Jubil\u00e4um der \u201eAlten Schachteln\u201c. Nach vielen Jahren auf der B\u00fchne verabschiedeten wir sie mit einem R\u00fcckblick auf ihre sch\u00f6nsten Momente in den wohlverdienten Ruhestand.<\/p>\n<p><img loading=\"lazy\" decoding=\"async\" class=\"aligncenter size-full wp-image-1825\" src=\"https:\/\/kcb-braugold.de\/startseite\/wp-content\/uploads\/2025\/01\/002.jpg\" alt=\"\" width=\"2253\" height=\"1210\" srcset=\"https:\/\/kcb-braugold.de\/startseite\/wp-content\/uploads\/2025\/01\/002.jpg 2253w, https:\/\/kcb-braugold.de\/startseite\/wp-content\/uploads\/2025\/01\/002-300x161.jpg 300w, https:\/\/kcb-braugold.de\/startseite\/wp-content\/uploads\/2025\/01\/002-1024x550.jpg 1024w, https:\/\/kcb-braugold.de\/startseite\/wp-content\/uploads\/2025\/01\/002-768x412.jpg 768w, https:\/\/kcb-braugold.de\/startseite\/wp-content\/uploads\/2025\/01\/002-1536x825.jpg 1536w, https:\/\/kcb-braugold.de\/startseite\/wp-content\/uploads\/2025\/01\/002-2048x1100.jpg 2048w\" sizes=\"auto, (max-width: 767px) 89vw, (max-width: 1000px) 54vw, (max-width: 1071px) 543px, 580px\" \/><\/p>\n<p>Des weiteren erfreuen wir uns \u00fcber die Aufnahme zweier neuer Ehrenmitglieder an diesem Abend: Andreas Bausewein, der ehemalige B\u00fcrgermeister unserer Landeshauptstadt Erfurt, und Matthias Fertig wurden f\u00fcr ihre langj\u00e4hrige Unterst\u00fctzung und Verdienste um den Verein mit der Ehrenmitgliedschaft ausgezeichnet.<\/p>\n<p>Unser besonderer Dank gilt an dieser Stelle unserem Technik-Team, welche diesen Abend mit seiner hervorragenden Arbeit ma\u00dfgeblich mitgestaltet hat. Ebenso m\u00f6chten wir allen Trainern, Betreuern und Eltern sowie unseren Freunden vom FEK unseren herzlichen Dank aussprechen.<\/p>\n<p>50 Jahre Karneval Club Braugold \u2013 ein Erfolg, den wir nur gemeinsam erreichen konnten. Auf die n\u00e4chsten 50 Jahre voller Lachen, Freundschaft und Gemeinschaft!<\/p>\n<p><img loading=\"lazy\" decoding=\"async\" class=\"aligncenter size-full wp-image-1824\" src=\"https:\/\/kcb-braugold.de\/startseite\/wp-content\/uploads\/2025\/01\/003.jpg\" alt=\"\" width=\"2251\" height=\"1207\" srcset=\"https:\/\/kcb-braugold.de\/startseite\/wp-content\/uploads\/2025\/01\/003.jpg 2251w, https:\/\/kcb-braugold.de\/startseite\/wp-content\/uploads\/2025\/01\/003-300x161.jpg 300w, https:\/\/kcb-braugold.de\/startseite\/wp-content\/uploads\/2025\/01\/003-1024x549.jpg 1024w, https:\/\/kcb-braugold.de\/startseite\/wp-content\/uploads\/2025\/01\/003-768x412.jpg 768w, https:\/\/kcb-braugold.de\/startseite\/wp-content\/uploads\/2025\/01\/003-1536x824.jpg 1536w, https:\/\/kcb-braugold.de\/startseite\/wp-content\/uploads\/2025\/01\/003-2048x1098.jpg 2048w\" sizes=\"auto, (max-width: 767px) 89vw, (max-width: 1000px) 54vw, (max-width: 1071px) 543px, 580px\" \/><\/p>\n<p><img loading=\"lazy\" decoding=\"async\" class=\"aligncenter size-full wp-image-1823\" src=\"https:\/\/kcb-braugold.de\/startseite\/wp-content\/uploads\/2025\/01\/004.jpg\" alt=\"\" width=\"2251\" height=\"1054\" srcset=\"https:\/\/kcb-braugold.de\/startseite\/wp-content\/uploads\/2025\/01\/004.jpg 2251w, https:\/\/kcb-braugold.de\/startseite\/wp-content\/uploads\/2025\/01\/004-300x140.jpg 300w, https:\/\/kcb-braugold.de\/startseite\/wp-content\/uploads\/2025\/01\/004-1024x479.jpg 1024w, https:\/\/kcb-braugold.de\/startseite\/wp-content\/uploads\/2025\/01\/004-768x360.jpg 768w, https:\/\/kcb-braugold.de\/startseite\/wp-content\/uploads\/2025\/01\/004-1536x719.jpg 1536w, https:\/\/kcb-braugold.de\/startseite\/wp-content\/uploads\/2025\/01\/004-2048x959.jpg 2048w\" sizes=\"auto, (max-width: 767px) 89vw, (max-width: 1000px) 54vw, (max-width: 1071px) 543px, 580px\" \/><\/p>\n","protected":false},"excerpt":{"rendered":"<p>Am 18. Januar 2025 feierten wir, der Karneval Club Braugold, ein ganz besonderes Jubil\u00e4um: 50 Jahre voller Spa\u00df, Tradition und Engagement! Dieses Ereignis haben wir im festlich geschm\u00fcckten Gewerkschaftshaus in Erfurt geb\u00fchrend gefeiert. Zur Er\u00f6ffnung richtete unser Pr\u00e4sident, Andr\u00e9 Kramer, ein herzliches Dankesch\u00f6n an alle Mitglieder und Sponsoren, die uns \u00fcber die Jahre hinweg unterst\u00fctzt &hellip; <\/p>\n<p class=\"link-more\"><a href=\"https:\/\/kcb-braugold.de\/startseite\/50-jahre-kcb\/\" class=\"more-link\"><span class=\"screen-reader-text\">\u201e50 Jahre KCB\u201c <\/span>weiterlesen<\/a><\/p>\n","protected":false},"author":7,"featured_media":0,"parent":0,"menu_order":0,"comment_status":"closed","ping_status":"closed","template":"","meta":{"pgc_sgb_lightbox_settings":"","footnotes":""},"class_list":["post-1821","page","type-page","status-publish","hentry"],"_links":{"self":[{"href":"https:\/\/kcb-braugold.de\/startseite\/wp-json\/wp\/v2\/pages\/1821","targetHints":{"allow":["GET"]}}],"collection":[{"href":"https:\/\/kcb-braugold.de\/startseite\/wp-json\/wp\/v2\/pages"}],"about":[{"href":"https:\/\/kcb-braugold.de\/startseite\/wp-json\/wp\/v2\/types\/page"}],"author":[{"embeddable":true,"href":"https:\/\/kcb-braugold.de\/startseite\/wp-json\/wp\/v2\/users\/7"}],"replies":[{"embeddable":true,"href":"https:\/\/kcb-braugold.de\/startseite\/wp-json\/wp\/v2\/comments?post=1821"}],"version-history":[{"count":3,"href":"https:\/\/kcb-braugold.de\/startseite\/wp-json\/wp\/v2\/pages\/1821\/revisions"}],"predecessor-version":[{"id":1831,"href":"https:\/\/kcb-braugold.de\/startseite\/wp-json\/wp\/v2\/pages\/1821\/revisions\/1831"}],"wp:attachment":[{"href":"https:\/\/kcb-braugold.de\/startseite\/wp-json\/wp\/v2\/media?parent=1821"}],"curies":[{"name":"wp","href":"https:\/\/api.w.org\/{rel}","templated":true}]}}